{"id":19180,"date":"2022-03-02T18:33:01","date_gmt":"2022-03-02T18:33:01","guid":{"rendered":"https:\/\/www.palacioficalho.pt\/proyecto\/casa-vista-por-otros\/"},"modified":"2025-10-01T19:37:02","modified_gmt":"2025-10-01T19:37:02","slug":"casa-vista-por-otros","status":"publish","type":"page","link":"https:\/\/www.palacioficalho.pt\/es\/proyecto\/casa-vista-por-otros\/","title":{"rendered":"Casa Vista por Otros"},"content":{"rendered":"\t\t<div data-elementor-type=\"wp-page\" data-elementor-id=\"19180\" class=\"elementor elementor-19180 elementor-11696\">\n\t\t\t\t\t\t<section class=\"elementor-section elementor-top-section elementor-element elementor-element-2ea3986 qodef-elementor-content-grid elementor-section-boxed elementor-section-height-default elementor-section-height-default\" data-id=\"2ea3986\" data-element_type=\"section\" data-e-type=\"section\">\n\t\t\t\t\t\t<div class=\"elementor-container elementor-column-gap-wide\">\n\t\t\t\t\t<div class=\"elementor-column elementor-col-50 elementor-top-column elementor-element elementor-element-8ae1f59\" data-id=\"8ae1f59\" data-element_type=\"column\" data-e-type=\"column\">\n\t\t\t<div class=\"elementor-widget-wrap elementor-element-populated\">\n\t\t\t\t\t\t<div class=\"elementor-element elementor-element-91947e5 elementor-widget elementor-widget-heading\" data-id=\"91947e5\" data-element_type=\"widget\" data-e-type=\"widget\" data-widget_type=\"heading.default\">\n\t\t\t\t\t<h1 class=\"elementor-heading-title elementor-size-default\">AN\u00cdSIO FRANCO, HISTORIADOR DEL ARTE<br><\/h1>\t\t\t\t<\/div>\n\t\t\t\t<div class=\"elementor-element elementor-element-57bb13e elementor-widget elementor-widget-text-editor\" data-id=\"57bb13e\" data-element_type=\"widget\" data-e-type=\"widget\" data-widget_type=\"text-editor.default\">\n\t\t\t\t\t\t\t\t\t<h2>La casa mas hermosa de Portugal<br><\/h2>\t\t\t\t\t\t\t\t<\/div>\n\t\t\t\t<div class=\"elementor-element elementor-element-4bb1691 elementor-widget elementor-widget-text-editor\" data-id=\"4bb1691\" data-element_type=\"widget\" data-e-type=\"widget\" data-widget_type=\"text-editor.default\">\n\t\t\t\t\t\t\t\t\t\u201cRecuerdo haber subido una escalera monumental. Son las escaleras que confieren la categor\u00eda de palacio a las casas portuguesas. (\u2026) Luego, corr\u00ed las salas, primero las grandes, de dimensiones se\u00f1oriales, majestuosas, en lo que se podr\u00eda suponer ser las salas de las armas y de otras representaciones. Esta grandiosidad se la dan los vol\u00famenes de los espacios, las proporciones, la luz, los colores de las paredes, en fin, la sencillez de los revestimientos de azulejos. Alguien que imagine que la apariencia palaciega proviene de tesoros art\u00edsticos y decorativos del gusto barroco se sentir\u00e1 decepcionado. No. Nada de eso. De pinturas, recuerdo solo algunas, a saber, una serie de retratos de antepasados, muebles, pocos, pero todo respira dignidad\u201d.\n\n\u00abPor supuesto, todas estas son im\u00e1genes que tienen un solo paralelo, y las citas que aqu\u00ed se hacen solo podr\u00edan ser tomadas de El Gatopardo, de Lampedusa, y de la pel\u00edcula del mismo nombre, de Visconti. Si hay una casa en Portugal que podr\u00eda servir de escenario o de inspiraci\u00f3n para esta novela, seria el Pal\u00e1cio dos Condes de Ficalho [Pal\u00e1cio Ficalho], en Serpa. Por todo esto, y m\u00e1s, puedo decir: esta es la casa m\u00e1s hermosa de Portugal.\u00bb <br>  \n\nAn\u00edsio Franco, <a href=\"https:\/\/palacioficalho.pt\/wp-content\/uploads\/Artigo-Anisio-Franco.pdf\" target=\"_blanck\">\u201cA Mais Bela Casa de Portugal,\u201d<\/a> Revista L+Arte, 2000\t\t\t\t\t\t\t\t<\/div>\n\t\t\t\t\t<\/div>\n\t\t<\/div>\n\t\t\t\t<div class=\"elementor-column elementor-col-50 elementor-top-column elementor-element elementor-element-04a1863\" data-id=\"04a1863\" data-element_type=\"column\" data-e-type=\"column\">\n\t\t\t<div class=\"elementor-widget-wrap elementor-element-populated\">\n\t\t\t\t\t\t<div class=\"elementor-element elementor-element-2447670 elementor-widget elementor-widget-heading\" data-id=\"2447670\" data-element_type=\"widget\" data-e-type=\"widget\" data-widget_type=\"heading.default\">\n\t\t\t\t\t<h1 class=\"elementor-heading-title elementor-size-default\">Sophia de Mello Breyner Andresen, poetisa<br><\/h1>\t\t\t\t<\/div>\n\t\t\t\t<div class=\"elementor-element elementor-element-e6ee46c elementor-widget elementor-widget-text-editor\" data-id=\"e6ee46c\" data-element_type=\"widget\" data-e-type=\"widget\" data-widget_type=\"text-editor.default\">\n\t\t\t\t\t\t\t\t\t<h2>Sin Titulo<br><\/h2>\t\t\t\t\t\t\t\t<\/div>\n\t\t\t\t<div class=\"elementor-element elementor-element-99e7f2b elementor-widget elementor-widget-text-editor\" data-id=\"99e7f2b\" data-element_type=\"widget\" data-e-type=\"widget\" data-widget_type=\"text-editor.default\">\n\t\t\t\t\t\t\t\t\t<p><i>Alrededor de la luz<br>Con sombras y blancos<br>La casa se busca<\/i><\/p><i>\n<\/i><p><i>Mis manos casi se tocan<br>El suave respirar<br>De su atenci\u00f3n pura<\/i><\/p>\n<p>Poema sobre esta casa que Sophia de Mello Breyner a\u00f1adi\u00f3 a una carta que escribi\u00f3 a la pareja <a href=\"https:\/\/palacioficalho.pt\/rostos\/antonio-martim-e-mariazinha-de-mello\/\">Ant\u00f3nio Martim and Mariazinha de Mello<\/a>, de quien era prima y amiga.<\/p>\t\t\t\t\t\t\t\t<\/div>\n\t\t\t\t\t<\/div>\n\t\t<\/div>\n\t\t\t\t\t<\/div>\n\t\t<\/section>\n\t\t\t\t<section class=\"elementor-section elementor-top-section elementor-element elementor-element-e9e5092 qodef-elementor-content-grid elementor-section-boxed elementor-section-height-default elementor-section-height-default\" data-id=\"e9e5092\" data-element_type=\"section\" data-e-type=\"section\">\n\t\t\t\t\t\t<div class=\"elementor-container elementor-column-gap-wide\">\n\t\t\t\t\t<div class=\"elementor-column elementor-col-50 elementor-top-column elementor-element elementor-element-a0c0387\" data-id=\"a0c0387\" data-element_type=\"column\" data-e-type=\"column\">\n\t\t\t<div class=\"elementor-widget-wrap elementor-element-populated\">\n\t\t\t\t\t\t<div class=\"elementor-element elementor-element-76d1ba7 elementor-widget elementor-widget-heading\" data-id=\"76d1ba7\" data-element_type=\"widget\" data-e-type=\"widget\" data-widget_type=\"heading.default\">\n\t\t\t\t\t<h1 class=\"elementor-heading-title elementor-size-default\">Ana soromenho, PERIODISTA<br><\/h1>\t\t\t\t<\/div>\n\t\t\t\t<div class=\"elementor-element elementor-element-ba2e04d elementor-widget elementor-widget-text-editor\" data-id=\"ba2e04d\" data-element_type=\"widget\" data-e-type=\"widget\" data-widget_type=\"text-editor.default\">\n\t\t\t\t\t\t\t\t\t<h2>Por amor a la casa <br><\/h2>\t\t\t\t\t\t\t\t<\/div>\n\t\t\t\t<div class=\"elementor-element elementor-element-0cbda78 elementor-widget elementor-widget-text-editor\" data-id=\"0cbda78\" data-element_type=\"widget\" data-e-type=\"widget\" data-widget_type=\"text-editor.default\">\n\t\t\t\t\t\t\t\t\t<p>\u201cEntramos. Nueve metros de altura, techos abovedados, suelos de gres revestidos con grandes alfombras de fibra de coco oscuro, paredes de cal revestidas de azulejo\u2026 El Pal\u00e1cio Ficalho conserva en su interior una austeridad de rudeza alentejana, mezclada con la sofisticaci\u00f3n de una casa se\u00f1orial de verano. Las terrazas se ciernen sobre el pueblo, trayendo la inmensidad de la llanura hacia el interior. Volvemos a la \u00e9poca de los cazadores, cuyos trofeos se colocaban en las paredes del vest\u00edbulo de entrada, en consonancia con las pinturas de los antepasados. La casa recibe y acoge.\u201d\u201cEntramos. P\u00e9 direito de nove metros, tetos em ab\u00f3bada, soalho de tijoleira coberto de grande tapetes de cairo escuro, paredes de cal revestidas a azulejo&#8230; o pal\u00e1cio de Ficalho conserva no seu interior uma austeridade de rudeza alentejana, misturada com a sofistica\u00e7\u00e3o de uma casa senhorial de ver\u00e3o. Os terra\u00e7os pairam sobre a vila, trazendo para o interior a vastid\u00e3o da plan\u00edcie. O tempo dos ca\u00e7adores da casa, cujos trof\u00e9us foram postos nas paredes da sala de entrada, alinhados com os quadros dos antepassados. A casa recebe e acolhe. Engole as fissuras.\u201d<\/p><p>\u201cLa presencia del <a href=\"https:\/\/palacioficalho.pt\/rostos\/conde-de-ficalho\/\">Conde de Ficalho<\/a> se cierne. Matilde empez\u00f3 lentamente a organizarfotograf\u00edas, originales, papeles dispersos, ahora expuestos en una galer\u00eda. Podr\u00eda convertirse en un espacio muse\u00edstico. Maria do Mar trae un gram\u00f3fono con grabaciones antiguas (\u2026) Durante el almuerzo, Vicente, de 15 a\u00f1os, hab\u00eda dicho: \u201cA veces parece que escuchamos ruidos. Esta casa es tan grande que puedes asustarte\u201d. Su madre hab\u00eda explicado: \u201cCuando era peque\u00f1a, tambi\u00e9n ten\u00eda miedo, pensaba que hab\u00eda fantasmas. Hay que decirles: Yo tambi\u00e9n soy uno Mello. Encu\u00e9ntrame. Estoy aqu\u00ed en el siglo XXI\u201d.     <\/p><p><a href=\"https:\/\/expresso.pt\/sociedade\/2017-09-10-Por-amor-a-casa\">Ana Soromenho, \u00abPor amor \u00e0 casa\u00bb, <i>Expre<\/i>sso, 10.09.2017<\/a><\/p>\t\t\t\t\t\t\t\t<\/div>\n\t\t\t\t\t<\/div>\n\t\t<\/div>\n\t\t\t\t<div class=\"elementor-column elementor-col-50 elementor-top-column elementor-element elementor-element-d86f5ad\" data-id=\"d86f5ad\" data-element_type=\"column\" data-e-type=\"column\">\n\t\t\t<div class=\"elementor-widget-wrap elementor-element-populated\">\n\t\t\t\t\t\t<div class=\"elementor-element elementor-element-6174216 elementor-widget elementor-widget-heading\" data-id=\"6174216\" data-element_type=\"widget\" data-e-type=\"widget\" data-widget_type=\"heading.default\">\n\t\t\t\t\t<h1 class=\"elementor-heading-title elementor-size-default\">E\u00c7A DE QUEIR\u00d3S<\/h1>\t\t\t\t<\/div>\n\t\t\t\t<div class=\"elementor-element elementor-element-eb384c3 elementor-widget elementor-widget-text-editor\" data-id=\"eb384c3\" data-element_type=\"widget\" data-e-type=\"widget\" data-widget_type=\"text-editor.default\">\n\t\t\t\t\t\t\t\t\t<h2>Extracto de carta<br><\/h2>\t\t\t\t\t\t\t\t<\/div>\n\t\t\t\t<div class=\"elementor-element elementor-element-6099a40 elementor-widget elementor-widget-text-editor\" data-id=\"6099a40\" data-element_type=\"widget\" data-e-type=\"widget\" data-widget_type=\"text-editor.default\">\n\t\t\t\t\t\t\t\t\t<p>\u00abHermoso d\u00eda. Serpa, tierra bellamente pintoresca. Solar Ficalho con gran aire, sala de armas, terraza alta que domina toda la regi\u00f3n, murallas, etc. Todo un poco abandonado, pero c\u00f3modo, \u00a1e incluso con muebles de arte!\u201d<\/p><p>Extracto de una carta de <a href=\"https:\/\/palacioficalho.pt\/rostos\/eca-de-queiros\/\">E\u00e7a de Queir\u00f3s<\/a> a su esposa Em\u00edlia de Castro, 1898 <\/p>\t\t\t\t\t\t\t\t<\/div>\n\t\t\t\t\t<\/div>\n\t\t<\/div>\n\t\t\t\t\t<\/div>\n\t\t<\/section>\n\t\t\t\t<\/div>\n\t\t","protected":false},"excerpt":{"rendered":"<p>AN\u00cdSIO FRANCO, HISTORIADOR DEL ARTE La casa mas hermosa de Portugal \u201cRecuerdo haber subido una escalera monumental. Son las escaleras que confieren la categor\u00eda de palacio a las casas portuguesas. (\u2026) Luego, corr\u00ed las salas, primero las grandes, de dimensiones se\u00f1oriales, majestuosas, en lo que se podr\u00eda suponer ser las salas de las armas y [&hellip;]<\/p>\n","protected":false},"author":1,"featured_media":0,"parent":19090,"menu_order":0,"comment_status":"closed","ping_status":"closed","template":"page-full-width.php","meta":{"footnotes":""},"class_list":["post-19180","page","type-page","status-publish","hentry"],"_links":{"self":[{"href":"https:\/\/www.palacioficalho.pt\/es\/wp-json\/wp\/v2\/pages\/19180","targetHints":{"allow":["GET"]}}],"collection":[{"href":"https:\/\/www.palacioficalho.pt\/es\/wp-json\/wp\/v2\/pages"}],"about":[{"href":"https:\/\/www.palacioficalho.pt\/es\/wp-json\/wp\/v2\/types\/page"}],"author":[{"embeddable":true,"href":"https:\/\/www.palacioficalho.pt\/es\/wp-json\/wp\/v2\/users\/1"}],"replies":[{"embeddable":true,"href":"https:\/\/www.palacioficalho.pt\/es\/wp-json\/wp\/v2\/comments?post=19180"}],"version-history":[{"count":0,"href":"https:\/\/www.palacioficalho.pt\/es\/wp-json\/wp\/v2\/pages\/19180\/revisions"}],"up":[{"embeddable":true,"href":"https:\/\/www.palacioficalho.pt\/es\/wp-json\/wp\/v2\/pages\/19090"}],"wp:attachment":[{"href":"https:\/\/www.palacioficalho.pt\/es\/wp-json\/wp\/v2\/media?parent=19180"}],"curies":[{"name":"wp","href":"https:\/\/api.w.org\/{rel}","templated":true}]}}

<div data-elementor-type="wp-page" data-elementor-id="19180" class="elementor elementor-19180 elementor-11696">
						<section class="elementor-section elementor-top-section elementor-element elementor-element-2ea3986 qodef-elementor-content-grid elementor-section-boxed elementor-section-height-default elementor-section-height-default" data-id="2ea3986" data-element_type="section" data-e-type="section">
						<div class="elementor-container elementor-column-gap-wide">
					<div class="elementor-column elementor-col-50 elementor-top-column elementor-element elementor-element-8ae1f59" data-id="8ae1f59" data-element_type="column" data-e-type="column">
			<div class="elementor-widget-wrap elementor-element-populated">
						<div class="elementor-element elementor-element-91947e5 elementor-widget elementor-widget-heading" data-id="91947e5" data-element_type="widget" data-e-type="widget" data-widget_type="heading.default">
					<h1 class="elementor-heading-title elementor-size-default">ANÍSIO FRANCO, HISTORIADOR DEL ARTE<br></h1>				</div>
				<div class="elementor-element elementor-element-57bb13e elementor-widget elementor-widget-text-editor" data-id="57bb13e" data-element_type="widget" data-e-type="widget" data-widget_type="text-editor.default">
									<h2>La casa mas hermosa de Portugal<br></h2>								</div>
				<div class="elementor-element elementor-element-4bb1691 elementor-widget elementor-widget-text-editor" data-id="4bb1691" data-element_type="widget" data-e-type="widget" data-widget_type="text-editor.default">
									“Recuerdo haber subido una escalera monumental. Son las escaleras que confieren la categoría de palacio a las casas portuguesas. (…) Luego, corrí las salas, primero las grandes, de dimensiones señoriales, majestuosas, en lo que se podría suponer ser las salas de las armas y de otras representaciones. Esta grandiosidad se la dan los volúmenes de los espacios, las proporciones, la luz, los colores de las paredes, en fin, la sencillez de los revestimientos de azulejos. Alguien que imagine que la apariencia palaciega proviene de tesoros artísticos y decorativos del gusto barroco se sentirá decepcionado. No. Nada de eso. De pinturas, recuerdo solo algunas, a saber, una serie de retratos de antepasados, muebles, pocos, pero todo respira dignidad”.

«Por supuesto, todas estas son imágenes que tienen un solo paralelo, y las citas que aquí se hacen solo podrían ser tomadas de El Gatopardo, de Lampedusa, y de la película del mismo nombre, de Visconti. Si hay una casa en Portugal que podría servir de escenario o de inspiración para esta novela, seria el Palácio dos Condes de Ficalho [Palácio Ficalho], en Serpa. Por todo esto, y más, puedo decir: esta es la casa más hermosa de Portugal.» <br>  

Anísio Franco, <a href="https://palacioficalho.pt/wp-content/uploads/Artigo-Anisio-Franco.pdf" target="_blanck">“A Mais Bela Casa de Portugal,”</a> Revista L+Arte, 2000								</div>
					</div>
		</div>
				<div class="elementor-column elementor-col-50 elementor-top-column elementor-element elementor-element-04a1863" data-id="04a1863" data-element_type="column" data-e-type="column">
			<div class="elementor-widget-wrap elementor-element-populated">
						<div class="elementor-element elementor-element-2447670 elementor-widget elementor-widget-heading" data-id="2447670" data-element_type="widget" data-e-type="widget" data-widget_type="heading.default">
					<h1 class="elementor-heading-title elementor-size-default">Sophia de Mello Breyner Andresen, poetisa<br></h1>				</div>
				<div class="elementor-element elementor-element-e6ee46c elementor-widget elementor-widget-text-editor" data-id="e6ee46c" data-element_type="widget" data-e-type="widget" data-widget_type="text-editor.default">
									<h2>Sin Titulo<br></h2>								</div>
				<div class="elementor-element elementor-element-99e7f2b elementor-widget elementor-widget-text-editor" data-id="99e7f2b" data-element_type="widget" data-e-type="widget" data-widget_type="text-editor.default">
									<p><i>Alrededor de la luz<br>Con sombras y blancos<br>La casa se busca</i></p><i>
</i><p><i>Mis manos casi se tocan<br>El suave respirar<br>De su atención pura</i></p>
<p>Poema sobre esta casa que Sophia de Mello Breyner añadió a una carta que escribió a la pareja <a href="https://palacioficalho.pt/rostos/antonio-martim-e-mariazinha-de-mello/">António Martim and Mariazinha de Mello</a>, de quien era prima y amiga.</p>								</div>
					</div>
		</div>
					</div>
		</section>
				<section class="elementor-section elementor-top-section elementor-element elementor-element-e9e5092 qodef-elementor-content-grid elementor-section-boxed elementor-section-height-default elementor-section-height-default" data-id="e9e5092" data-element_type="section" data-e-type="section">
						<div class="elementor-container elementor-column-gap-wide">
					<div class="elementor-column elementor-col-50 elementor-top-column elementor-element elementor-element-a0c0387" data-id="a0c0387" data-element_type="column" data-e-type="column">
			<div class="elementor-widget-wrap elementor-element-populated">
						<div class="elementor-element elementor-element-76d1ba7 elementor-widget elementor-widget-heading" data-id="76d1ba7" data-element_type="widget" data-e-type="widget" data-widget_type="heading.default">
					<h1 class="elementor-heading-title elementor-size-default">Ana soromenho, PERIODISTA<br></h1>				</div>
				<div class="elementor-element elementor-element-ba2e04d elementor-widget elementor-widget-text-editor" data-id="ba2e04d" data-element_type="widget" data-e-type="widget" data-widget_type="text-editor.default">
									<h2>Por amor a la casa <br></h2>								</div>
				<div class="elementor-element elementor-element-0cbda78 elementor-widget elementor-widget-text-editor" data-id="0cbda78" data-element_type="widget" data-e-type="widget" data-widget_type="text-editor.default">
									<p>“Entramos. Nueve metros de altura, techos abovedados, suelos de gres revestidos con grandes alfombras de fibra de coco oscuro, paredes de cal revestidas de azulejo… El Palácio Ficalho conserva en su interior una austeridad de rudeza alentejana, mezclada con la sofisticación de una casa señorial de verano. Las terrazas se ciernen sobre el pueblo, trayendo la inmensidad de la llanura hacia el interior. Volvemos a la época de los cazadores, cuyos trofeos se colocaban en las paredes del vestíbulo de entrada, en consonancia con las pinturas de los antepasados. La casa recibe y acoge.”“Entramos. Pé direito de nove metros, tetos em abóbada, soalho de tijoleira coberto de grande tapetes de cairo escuro, paredes de cal revestidas a azulejo&#8230; o palácio de Ficalho conserva no seu interior uma austeridade de rudeza alentejana, misturada com a sofisticação de uma casa senhorial de verão. Os terraços pairam sobre a vila, trazendo para o interior a vastidão da planície. O tempo dos caçadores da casa, cujos troféus foram postos nas paredes da sala de entrada, alinhados com os quadros dos antepassados. A casa recebe e acolhe. Engole as fissuras.”</p><p>“La presencia del <a href="https://palacioficalho.pt/rostos/conde-de-ficalho/">Conde de Ficalho</a> se cierne. Matilde empezó lentamente a organizarfotografías, originales, papeles dispersos, ahora expuestos en una galería. Podría convertirse en un espacio museístico. Maria do Mar trae un gramófono con grabaciones antiguas (…) Durante el almuerzo, Vicente, de 15 años, había dicho: “A veces parece que escuchamos ruidos. Esta casa es tan grande que puedes asustarte”. Su madre había explicado: “Cuando era pequeña, también tenía miedo, pensaba que había fantasmas. Hay que decirles: Yo también soy uno Mello. Encuéntrame. Estoy aquí en el siglo XXI”.     </p><p><a href="https://expresso.pt/sociedade/2017-09-10-Por-amor-a-casa">Ana Soromenho, «Por amor à casa», <i>Expre</i>sso, 10.09.2017</a></p>								</div>
					</div>
		</div>
				<div class="elementor-column elementor-col-50 elementor-top-column elementor-element elementor-element-d86f5ad" data-id="d86f5ad" data-element_type="column" data-e-type="column">
			<div class="elementor-widget-wrap elementor-element-populated">
						<div class="elementor-element elementor-element-6174216 elementor-widget elementor-widget-heading" data-id="6174216" data-element_type="widget" data-e-type="widget" data-widget_type="heading.default">
					<h1 class="elementor-heading-title elementor-size-default">EÇA DE QUEIRÓS</h1>				</div>
				<div class="elementor-element elementor-element-eb384c3 elementor-widget elementor-widget-text-editor" data-id="eb384c3" data-element_type="widget" data-e-type="widget" data-widget_type="text-editor.default">
									<h2>Extracto de carta<br></h2>								</div>
				<div class="elementor-element elementor-element-6099a40 elementor-widget elementor-widget-text-editor" data-id="6099a40" data-element_type="widget" data-e-type="widget" data-widget_type="text-editor.default">
									<p>«Hermoso día. Serpa, tierra bellamente pintoresca. Solar Ficalho con gran aire, sala de armas, terraza alta que domina toda la región, murallas, etc. Todo un poco abandonado, pero cómodo, ¡e incluso con muebles de arte!”</p><p>Extracto de una carta de <a href="https://palacioficalho.pt/rostos/eca-de-queiros/">Eça de Queirós</a> a su esposa Emília de Castro, 1898 </p>								</div>
					</div>
		</div>
					</div>
		</section>
				</div>

<p>ANÍSIO FRANCO, HISTORIADOR DEL ARTE La casa mas hermosa de Portugal “Recuerdo haber subido una escalera monumental. Son las escaleras que confieren la categoría de palacio a las casas portuguesas. (…) Luego, corrí las salas, primero las grandes, de dimensiones señoriales, majestuosas, en lo que se podría suponer ser las salas de las armas y [&hellip;]</p>
