{"id":19084,"date":"2021-10-12T10:54:18","date_gmt":"2021-10-12T10:54:18","guid":{"rendered":"https:\/\/www.palacioficalho.pt\/archivo-de-historial\/"},"modified":"2025-10-09T09:24:48","modified_gmt":"2025-10-09T09:24:48","slug":"archivo-de-historial","status":"publish","type":"page","link":"https:\/\/www.palacioficalho.pt\/es\/archivo-de-historial\/","title":{"rendered":"Archivo de Historial"},"content":{"rendered":"\t\t<div data-elementor-type=\"wp-page\" data-elementor-id=\"19084\" class=\"elementor elementor-19084 elementor-5959\">\n\t\t\t\t<div class=\"elementor-element elementor-element-9b84857 e-flex e-con-boxed qodef-elementor-content-no e-con e-parent\" data-id=\"9b84857\" data-element_type=\"container\" data-e-type=\"container\">\n\t\t\t\t\t<div class=\"e-con-inner\">\n\t\t<div class=\"elementor-element elementor-element-f11b4c7 e-con-full e-flex qodef-elementor-content-no e-con e-child\" data-id=\"f11b4c7\" data-element_type=\"container\" data-e-type=\"container\">\n\t\t\t\t<div class=\"elementor-element elementor-element-9f5a21e elementor-widget elementor-widget-image\" data-id=\"9f5a21e\" data-element_type=\"widget\" data-e-type=\"widget\" data-widget_type=\"image.default\">\n\t\t\t\t\t\t\t\t\t\t\t\t\t\t\t<img fetchpriority=\"high\" decoding=\"async\" width=\"1024\" height=\"587\" src=\"https:\/\/www.palacioficalho.pt\/wp-content\/uploads\/2025\/10\/pag-arquivo-header.jpg\" class=\"attachment-full size-full wp-image-20688\" alt=\"\" srcset=\"https:\/\/www.palacioficalho.pt\/wp-content\/uploads\/2025\/10\/pag-arquivo-header.jpg 1024w, https:\/\/www.palacioficalho.pt\/wp-content\/uploads\/2025\/10\/pag-arquivo-header-300x172.jpg 300w, https:\/\/www.palacioficalho.pt\/wp-content\/uploads\/2025\/10\/pag-arquivo-header-768x440.jpg 768w, https:\/\/www.palacioficalho.pt\/wp-content\/uploads\/2025\/10\/pag-arquivo-header-600x344.jpg 600w\" sizes=\"(max-width: 1024px) 100vw, 1024px\" \/>\t\t\t\t\t\t\t\t\t\t\t\t\t\t\t<\/div>\n\t\t\t\t<\/div>\n\t\t\t\t\t<\/div>\n\t\t\t\t<\/div>\n\t\t<div class=\"elementor-element elementor-element-7c4866f e-flex e-con-boxed qodef-elementor-content-no e-con e-parent\" data-id=\"7c4866f\" data-element_type=\"container\" data-e-type=\"container\">\n\t\t\t\t\t<div class=\"e-con-inner\">\n\t\t<div class=\"elementor-element elementor-element-766c45a e-con-full e-flex qodef-elementor-content-no e-con e-child\" data-id=\"766c45a\" data-element_type=\"container\" data-e-type=\"container\">\n\t\t\t\t<div class=\"elementor-element elementor-element-fc2177e elementor-widget elementor-widget-text-editor\" data-id=\"fc2177e\" data-element_type=\"widget\" data-e-type=\"widget\" data-widget_type=\"text-editor.default\">\n\t\t\t\t\t\t\t\t\t<h2>\u00bfERES INVESTIGADOR? \u00a1TE AY\u00daDAMOS!<\/h2>\t\t\t\t\t\t\t\t<\/div>\n\t\t\t\t<div class=\"elementor-element elementor-element-718c91f elementor-widget elementor-widget-text-editor\" data-id=\"718c91f\" data-element_type=\"widget\" data-e-type=\"widget\" data-widget_type=\"text-editor.default\">\n\t\t\t\t\t\t\t\t\t<p>El Pal\u00e1cio Ficalho tiene un archivo que proporciona la historia de la casa y la familia desde principios del siglo XVI hasta el siglo XX. Es un activo crucial para comprender el contexto socioecon\u00f3mico y la historia de las \u00e9lites en esta regi\u00f3n de Portugal.<\/p><p>Si eres investigador y deseas consultar el archivo de familia, ponte en contacto con nosotros.<\/p><p>En 1817 se organiz\u00f3 esta finca, produci\u00e9ndose el \u201c<a href=\"https:\/\/inventarq.fcsh.unl.pt\/uploads\/r\/familia-melo\/5\/9\/b\/59b7a4d7beb701c9f87d1440bb42be5107dc2c7e34f991704db05236d52e74b6\/Ficalho_F1.pdf\" target=\"_blank\" rel=\"noopener\">\u00cdndice general y alfab\u00e9tico del Registro Civil de Ilma. y el Excmo. Casa de Ficalho<\/a>\u201d que recientemente estuvo disponible en l\u00ednea como parte del proyecto INVENT.ARQ Inventarios de archivos familiares, siglo XIX. que foi recentemente disponibilizado online no \u00e2mbito do projecto INVENT.ARQ -Invent\u00e1rios de arquivos de fam\u00edlia, s\u00e9cs. XV-XIX. Repensar el archivo premoderno, desde NOVAFCSH. XV-XIX. Repensar el archivo premoderno, desde <a href=\"https:\/\/arqfam.fcsh.unl.pt\/?portfolio=inventarq\" target=\"_blank\" rel=\"noopener\">NOVAFCSH<\/a>.<\/p>\t\t\t\t\t\t\t\t<\/div>\n\t\t\t\t<div class=\"elementor-element elementor-element-531c31b elementor-align-center elementor-widget elementor-widget-button\" data-id=\"531c31b\" data-element_type=\"widget\" data-e-type=\"widget\" data-widget_type=\"button.default\">\n\t\t\t\t\t\t\t\t\t\t<a class=\"elementor-button elementor-button-link elementor-size-md\" href=\"https:\/\/palacioficalho.pt\/contactos\/\">\n\t\t\t\t\t\t<span class=\"elementor-button-content-wrapper\">\n\t\t\t\t\t\t\t\t\t<span class=\"elementor-button-text\">Contactos<\/span>\n\t\t\t\t\t<\/span>\n\t\t\t\t\t<\/a>\n\t\t\t\t\t\t\t\t<\/div>\n\t\t\t\t<\/div>\n\t\t\t\t\t<\/div>\n\t\t\t\t<\/div>\n\t\t\t\t<\/div>\n\t\t","protected":false},"excerpt":{"rendered":"<p>\u00bfERES INVESTIGADOR? \u00a1TE AY\u00daDAMOS! El Pal\u00e1cio Ficalho tiene un archivo que proporciona la historia de la casa y la familia desde principios del siglo XVI hasta el siglo XX. Es un activo crucial para comprender el contexto socioecon\u00f3mico y la historia de las \u00e9lites en esta regi\u00f3n de Portugal. Si eres investigador y deseas consultar [&hellip;]<\/p>\n","protected":false},"author":1,"featured_media":0,"parent":0,"menu_order":0,"comment_status":"closed","ping_status":"closed","template":"page-full-width.php","meta":{"footnotes":""},"class_list":["post-19084","page","type-page","status-publish","hentry"],"_links":{"self":[{"href":"https:\/\/www.palacioficalho.pt\/es\/wp-json\/wp\/v2\/pages\/19084","targetHints":{"allow":["GET"]}}],"collection":[{"href":"https:\/\/www.palacioficalho.pt\/es\/wp-json\/wp\/v2\/pages"}],"about":[{"href":"https:\/\/www.palacioficalho.pt\/es\/wp-json\/wp\/v2\/types\/page"}],"author":[{"embeddable":true,"href":"https:\/\/www.palacioficalho.pt\/es\/wp-json\/wp\/v2\/users\/1"}],"replies":[{"embeddable":true,"href":"https:\/\/www.palacioficalho.pt\/es\/wp-json\/wp\/v2\/comments?post=19084"}],"version-history":[{"count":0,"href":"https:\/\/www.palacioficalho.pt\/es\/wp-json\/wp\/v2\/pages\/19084\/revisions"}],"wp:attachment":[{"href":"https:\/\/www.palacioficalho.pt\/es\/wp-json\/wp\/v2\/media?parent=19084"}],"curies":[{"name":"wp","href":"https:\/\/api.w.org\/{rel}","templated":true}]}}

<div data-elementor-type="wp-page" data-elementor-id="19084" class="elementor elementor-19084 elementor-5959">
				<div class="elementor-element elementor-element-9b84857 e-flex e-con-boxed qodef-elementor-content-no e-con e-parent" data-id="9b84857" data-element_type="container" data-e-type="container">
					<div class="e-con-inner">
		<div class="elementor-element elementor-element-f11b4c7 e-con-full e-flex qodef-elementor-content-no e-con e-child" data-id="f11b4c7" data-element_type="container" data-e-type="container">
				<div class="elementor-element elementor-element-9f5a21e elementor-widget elementor-widget-image" data-id="9f5a21e" data-element_type="widget" data-e-type="widget" data-widget_type="image.default">
															<img fetchpriority="high" decoding="async" width="1024" height="587" src="https://www.palacioficalho.pt/wp-content/uploads/2025/10/pag-arquivo-header.jpg" class="attachment-full size-full wp-image-20688" alt="" srcset="https://www.palacioficalho.pt/wp-content/uploads/2025/10/pag-arquivo-header.jpg 1024w, https://www.palacioficalho.pt/wp-content/uploads/2025/10/pag-arquivo-header-300x172.jpg 300w, https://www.palacioficalho.pt/wp-content/uploads/2025/10/pag-arquivo-header-768x440.jpg 768w, https://www.palacioficalho.pt/wp-content/uploads/2025/10/pag-arquivo-header-600x344.jpg 600w" sizes="(max-width: 1024px) 100vw, 1024px" />															</div>
				</div>
					</div>
				</div>
		<div class="elementor-element elementor-element-7c4866f e-flex e-con-boxed qodef-elementor-content-no e-con e-parent" data-id="7c4866f" data-element_type="container" data-e-type="container">
					<div class="e-con-inner">
		<div class="elementor-element elementor-element-766c45a e-con-full e-flex qodef-elementor-content-no e-con e-child" data-id="766c45a" data-element_type="container" data-e-type="container">
				<div class="elementor-element elementor-element-fc2177e elementor-widget elementor-widget-text-editor" data-id="fc2177e" data-element_type="widget" data-e-type="widget" data-widget_type="text-editor.default">
									<h2>¿ERES INVESTIGADOR? ¡TE AYÚDAMOS!</h2>								</div>
				<div class="elementor-element elementor-element-718c91f elementor-widget elementor-widget-text-editor" data-id="718c91f" data-element_type="widget" data-e-type="widget" data-widget_type="text-editor.default">
									<p>El Palácio Ficalho tiene un archivo que proporciona la historia de la casa y la familia desde principios del siglo XVI hasta el siglo XX. Es un activo crucial para comprender el contexto socioeconómico y la historia de las élites en esta región de Portugal.</p><p>Si eres investigador y deseas consultar el archivo de familia, ponte en contacto con nosotros.</p><p>En 1817 se organizó esta finca, produciéndose el “<a href="https://inventarq.fcsh.unl.pt/uploads/r/familia-melo/5/9/b/59b7a4d7beb701c9f87d1440bb42be5107dc2c7e34f991704db05236d52e74b6/Ficalho_F1.pdf" target="_blank" rel="noopener">Índice general y alfabético del Registro Civil de Ilma. y el Excmo. Casa de Ficalho</a>” que recientemente estuvo disponible en línea como parte del proyecto INVENT.ARQ Inventarios de archivos familiares, siglo XIX. que foi recentemente disponibilizado online no âmbito do projecto INVENT.ARQ -Inventários de arquivos de família, sécs. XV-XIX. Repensar el archivo premoderno, desde NOVAFCSH. XV-XIX. Repensar el archivo premoderno, desde <a href="https://arqfam.fcsh.unl.pt/?portfolio=inventarq" target="_blank" rel="noopener">NOVAFCSH</a>.</p>								</div>
				<div class="elementor-element elementor-element-531c31b elementor-align-center elementor-widget elementor-widget-button" data-id="531c31b" data-element_type="widget" data-e-type="widget" data-widget_type="button.default">
										<a class="elementor-button elementor-button-link elementor-size-md" href="https://palacioficalho.pt/contactos/">
						<span class="elementor-button-content-wrapper">
									<span class="elementor-button-text">Contactos</span>
					</span>
					</a>
								</div>
				</div>
					</div>
				</div>
				</div>

<p>¿ERES INVESTIGADOR? ¡TE AYÚDAMOS! El Palácio Ficalho tiene un archivo que proporciona la historia de la casa y la familia desde principios del siglo XVI hasta el siglo XX. Es un activo crucial para comprender el contexto socioeconómico y la historia de las élites en esta región de Portugal. Si eres investigador y deseas consultar [&hellip;]</p>
