{"id":19169,"date":"2022-03-03T10:55:11","date_gmt":"2022-03-03T10:55:11","guid":{"rendered":"https:\/\/www.palacioficalho.pt\/project\/our-team\/"},"modified":"2025-10-01T19:33:38","modified_gmt":"2025-10-01T19:33:38","slug":"our-team","status":"publish","type":"page","link":"https:\/\/www.palacioficalho.pt\/en\/project\/our-team\/","title":{"rendered":"OUR TEAM<br>"},"content":{"rendered":"\t\t<div data-elementor-type=\"wp-page\" data-elementor-id=\"19169\" class=\"elementor elementor-19169 elementor-11766\">\n\t\t\t\t\t\t<section class=\"elementor-section elementor-top-section elementor-element elementor-element-345fa1c elementor-section-boxed elementor-section-height-default elementor-section-height-default qodef-elementor-content-no\" data-id=\"345fa1c\" data-element_type=\"section\" data-e-type=\"section\">\n\t\t\t\t\t\t<div class=\"elementor-container elementor-column-gap-no\">\n\t\t\t\t\t<div class=\"elementor-column elementor-col-33 elementor-top-column elementor-element elementor-element-d1da4a6\" data-id=\"d1da4a6\" data-element_type=\"column\" data-e-type=\"column\">\n\t\t\t<div class=\"elementor-widget-wrap elementor-element-populated\">\n\t\t\t\t\t\t<section class=\"elementor-section elementor-inner-section elementor-element elementor-element-665a3b2 elementor-section-boxed elementor-section-height-default elementor-section-height-default qodef-elementor-content-no\" data-id=\"665a3b2\" data-element_type=\"section\" data-e-type=\"section\">\n\t\t\t\t\t\t<div class=\"elementor-container elementor-column-gap-wider\">\n\t\t\t\t\t<div class=\"elementor-column elementor-col-100 elementor-inner-column elementor-element elementor-element-b7bcf9d\" data-id=\"b7bcf9d\" data-element_type=\"column\" data-e-type=\"column\">\n\t\t\t<div class=\"elementor-widget-wrap elementor-element-populated\">\n\t\t\t\t\t\t<div class=\"elementor-element elementor-element-d09efff elementor-widget elementor-widget-heading\" data-id=\"d09efff\" data-element_type=\"widget\" data-e-type=\"widget\" data-widget_type=\"heading.default\">\n\t\t\t\t\t<h2 class=\"elementor-heading-title elementor-size-default\">OUR TEAM<br><\/h2>\t\t\t\t<\/div>\n\t\t\t\t\t<\/div>\n\t\t<\/div>\n\t\t\t\t\t<\/div>\n\t\t<\/section>\n\t\t\t\t\t<\/div>\n\t\t<\/div>\n\t\t\t\t<div class=\"elementor-column elementor-col-66 elementor-top-column elementor-element elementor-element-e7bb780\" data-id=\"e7bb780\" data-element_type=\"column\" data-e-type=\"column\">\n\t\t\t<div class=\"elementor-widget-wrap elementor-element-populated\">\n\t\t\t\t\t\t<section class=\"elementor-section elementor-inner-section elementor-element elementor-element-6ecdb9b elementor-section-boxed elementor-section-height-default elementor-section-height-default qodef-elementor-content-no\" data-id=\"6ecdb9b\" data-element_type=\"section\" data-e-type=\"section\">\n\t\t\t\t\t\t<div class=\"elementor-container elementor-column-gap-extended\">\n\t\t\t\t\t<div class=\"elementor-column elementor-col-50 elementor-inner-column elementor-element elementor-element-d3dee5d\" data-id=\"d3dee5d\" data-element_type=\"column\" data-e-type=\"column\">\n\t\t\t<div class=\"elementor-widget-wrap elementor-element-populated\">\n\t\t\t\t\t\t<div class=\"elementor-element elementor-element-d29fd0d elementor-widget elementor-widget-heading\" data-id=\"d29fd0d\" data-element_type=\"widget\" data-e-type=\"widget\" data-widget_type=\"heading.default\">\n\t\t\t\t\t<h2 class=\"elementor-heading-title elementor-size-default\">DIRECTION<\/h2>\t\t\t\t<\/div>\n\t\t\t\t<div class=\"elementor-element elementor-element-3792366 elementor-widget elementor-widget-text-editor\" data-id=\"3792366\" data-element_type=\"widget\" data-e-type=\"widget\" data-widget_type=\"text-editor.default\">\n\t\t\t\t\t\t\t\t\t<p>Matilde de Mello<br>Maria do Mar Gago<br>Lu\u00edsa Gago<\/p>\t\t\t\t\t\t\t\t<\/div>\n\t\t\t\t\t<\/div>\n\t\t<\/div>\n\t\t\t\t<div class=\"elementor-column elementor-col-50 elementor-inner-column elementor-element elementor-element-53284d6\" data-id=\"53284d6\" data-element_type=\"column\" data-e-type=\"column\">\n\t\t\t<div class=\"elementor-widget-wrap elementor-element-populated\">\n\t\t\t\t\t\t<div class=\"elementor-element elementor-element-45a4484 elementor-widget elementor-widget-heading\" data-id=\"45a4484\" data-element_type=\"widget\" data-e-type=\"widget\" data-widget_type=\"heading.default\">\n\t\t\t\t\t<h2 class=\"elementor-heading-title elementor-size-default\">TEAM<\/h2>\t\t\t\t<\/div>\n\t\t\t\t<div class=\"elementor-element elementor-element-a2e2016 elementor-widget elementor-widget-text-editor\" data-id=\"a2e2016\" data-element_type=\"widget\" data-e-type=\"widget\" data-widget_type=\"text-editor.default\">\n\t\t\t\t\t\t\t\t\t<p>Jo\u00e3o Macdonald (communica\u00e7\u00e3o)<br>Joana Tordo (design gr\u00e1fico)<br><a href=\"https:\/\/duarteneto.com\/\" target=\"_blank\" rel=\"noopener\">Duarte Mascarenhas Neto (web design)<\/a><br>Catarina Botelho (fotografia)<br>Fabrice Ziegler (fotografia)<br>Manuel Jos\u00e9 Cavaco (gest\u00e3o do jardim)<br>Margarida Ferreira (gest\u00e3o da casa)<br>Joel Moedas-Miguel (museografia)<br>Ros\u00e1rio Beija e Pedro Botelho (arquitectura)<br>Jos\u00e9 Maria Pacheco de Amorim (assessoria financeira)<br><a href=\"https:\/\/esca-la.pt\/\" target=\"_blank\" rel=\"noopener\">Arquitecto Paisagista Miguel Coelho de Sousa<\/a><\/p>\t\t\t\t\t\t\t\t<\/div>\n\t\t\t\t\t<\/div>\n\t\t<\/div>\n\t\t\t\t\t<\/div>\n\t\t<\/section>\n\t\t\t\t<section class=\"elementor-section elementor-inner-section elementor-element elementor-element-3900a63 elementor-section-boxed elementor-section-height-default elementor-section-height-default qodef-elementor-content-no\" data-id=\"3900a63\" data-element_type=\"section\" data-e-type=\"section\">\n\t\t\t\t\t\t<div class=\"elementor-container elementor-column-gap-extended\">\n\t\t\t\t\t<div class=\"elementor-column elementor-col-50 elementor-inner-column elementor-element elementor-element-850c667\" data-id=\"850c667\" data-element_type=\"column\" data-e-type=\"column\">\n\t\t\t<div class=\"elementor-widget-wrap elementor-element-populated\">\n\t\t\t\t\t\t<div class=\"elementor-element elementor-element-963fe25 elementor-widget elementor-widget-heading\" data-id=\"963fe25\" data-element_type=\"widget\" data-e-type=\"widget\" data-widget_type=\"heading.default\">\n\t\t\t\t\t<h2 class=\"elementor-heading-title elementor-size-default\">PARTNERSHIPS<br><\/h2>\t\t\t\t<\/div>\n\t\t\t\t<div class=\"elementor-element elementor-element-db62287 elementor-widget elementor-widget-text-editor\" data-id=\"db62287\" data-element_type=\"widget\" data-e-type=\"widget\" data-widget_type=\"text-editor.default\">\n\t\t\t\t\t\t\t\t\t<p><a href=\"https:\/\/www.cm-serpa.pt\/\" target=\"_blank\" rel=\"noopener\">C\u00e2mara Municipal de Serpa<\/a><br>\n  <a href=\"https:\/\/www.visitserpa.pt\/\" target=\"_blank\" rel=\"noopener\">Visit Serpa<\/a>\n  <br>\n    <a href=\"https:\/\/patrimonium.pt\/\" target=\"_blank\" rel=\"noopener\">Patrimonium &#8211; Gest\u00e3o e Promo\u00e7\u00e3o de Bens Culturais<\/a>\n    <br>\n      <a href=\"https:\/\/portugalfilmcommission.com\/\">Portugal Film Comission<\/a>\n      <br>\n        <a href=\"https:\/\/www.ap-casas-antigas.pt\/\">Associa\u00e7\u00e3o das Casas Antigas <\/a>\n        <br>\n          <a href=\"http:\/\/www.baal17.pt\">Baal 17<\/a>\n        \n      \n    \n  \n<\/p>\t\t\t\t\t\t\t\t<\/div>\n\t\t\t\t\t<\/div>\n\t\t<\/div>\n\t\t\t\t<div class=\"elementor-column elementor-col-50 elementor-inner-column elementor-element elementor-element-eb7c1b3\" data-id=\"eb7c1b3\" data-element_type=\"column\" data-e-type=\"column\">\n\t\t\t<div class=\"elementor-widget-wrap\">\n\t\t\t\t\t\t\t<\/div>\n\t\t<\/div>\n\t\t\t\t\t<\/div>\n\t\t<\/section>\n\t\t\t\t\t<\/div>\n\t\t<\/div>\n\t\t\t\t\t<\/div>\n\t\t<\/section>\n\t\t\t\t<\/div>\n\t\t","protected":false},"excerpt":{"rendered":"<p>OUR TEAM DIRECTION Matilde de MelloMaria do Mar GagoLu\u00edsa Gago TEAM Jo\u00e3o Macdonald (communica\u00e7\u00e3o)Joana Tordo (design gr\u00e1fico)Duarte Mascarenhas Neto (web design)Catarina Botelho (fotografia)Fabrice Ziegler (fotografia)Manuel Jos\u00e9 Cavaco (gest\u00e3o do jardim)Margarida Ferreira (gest\u00e3o da casa)Joel Moedas-Miguel (museografia)Ros\u00e1rio Beija e Pedro Botelho (arquitectura)Jos\u00e9 Maria Pacheco de Amorim (assessoria financeira)Arquitecto Paisagista Miguel Coelho de Sousa PARTNERSHIPS C\u00e2mara Municipal [&hellip;]<\/p>\n","protected":false},"author":1,"featured_media":0,"parent":19086,"menu_order":0,"comment_status":"closed","ping_status":"closed","template":"page-full-width.php","meta":{"footnotes":""},"class_list":["post-19169","page","type-page","status-publish","hentry"],"_links":{"self":[{"href":"https:\/\/www.palacioficalho.pt\/en\/wp-json\/wp\/v2\/pages\/19169","targetHints":{"allow":["GET"]}}],"collection":[{"href":"https:\/\/www.palacioficalho.pt\/en\/wp-json\/wp\/v2\/pages"}],"about":[{"href":"https:\/\/www.palacioficalho.pt\/en\/wp-json\/wp\/v2\/types\/page"}],"author":[{"embeddable":true,"href":"https:\/\/www.palacioficalho.pt\/en\/wp-json\/wp\/v2\/users\/1"}],"replies":[{"embeddable":true,"href":"https:\/\/www.palacioficalho.pt\/en\/wp-json\/wp\/v2\/comments?post=19169"}],"version-history":[{"count":0,"href":"https:\/\/www.palacioficalho.pt\/en\/wp-json\/wp\/v2\/pages\/19169\/revisions"}],"up":[{"embeddable":true,"href":"https:\/\/www.palacioficalho.pt\/en\/wp-json\/wp\/v2\/pages\/19086"}],"wp:attachment":[{"href":"https:\/\/www.palacioficalho.pt\/en\/wp-json\/wp\/v2\/media?parent=19169"}],"curies":[{"name":"wp","href":"https:\/\/api.w.org\/{rel}","templated":true}]}}

<div data-elementor-type="wp-page" data-elementor-id="19169" class="elementor elementor-19169 elementor-11766">
						<section class="elementor-section elementor-top-section elementor-element elementor-element-345fa1c elementor-section-boxed elementor-section-height-default elementor-section-height-default qodef-elementor-content-no" data-id="345fa1c" data-element_type="section" data-e-type="section">
						<div class="elementor-container elementor-column-gap-no">
					<div class="elementor-column elementor-col-33 elementor-top-column elementor-element elementor-element-d1da4a6" data-id="d1da4a6" data-element_type="column" data-e-type="column">
			<div class="elementor-widget-wrap elementor-element-populated">
						<section class="elementor-section elementor-inner-section elementor-element elementor-element-665a3b2 elementor-section-boxed elementor-section-height-default elementor-section-height-default qodef-elementor-content-no" data-id="665a3b2" data-element_type="section" data-e-type="section">
						<div class="elementor-container elementor-column-gap-wider">
					<div class="elementor-column elementor-col-100 elementor-inner-column elementor-element elementor-element-b7bcf9d" data-id="b7bcf9d" data-element_type="column" data-e-type="column">
			<div class="elementor-widget-wrap elementor-element-populated">
						<div class="elementor-element elementor-element-d09efff elementor-widget elementor-widget-heading" data-id="d09efff" data-element_type="widget" data-e-type="widget" data-widget_type="heading.default">
					<h2 class="elementor-heading-title elementor-size-default">OUR TEAM<br></h2>				</div>
					</div>
		</div>
					</div>
		</section>
					</div>
		</div>
				<div class="elementor-column elementor-col-66 elementor-top-column elementor-element elementor-element-e7bb780" data-id="e7bb780" data-element_type="column" data-e-type="column">
			<div class="elementor-widget-wrap elementor-element-populated">
						<section class="elementor-section elementor-inner-section elementor-element elementor-element-6ecdb9b elementor-section-boxed elementor-section-height-default elementor-section-height-default qodef-elementor-content-no" data-id="6ecdb9b" data-element_type="section" data-e-type="section">
						<div class="elementor-container elementor-column-gap-extended">
					<div class="elementor-column elementor-col-50 elementor-inner-column elementor-element elementor-element-d3dee5d" data-id="d3dee5d" data-element_type="column" data-e-type="column">
			<div class="elementor-widget-wrap elementor-element-populated">
						<div class="elementor-element elementor-element-d29fd0d elementor-widget elementor-widget-heading" data-id="d29fd0d" data-element_type="widget" data-e-type="widget" data-widget_type="heading.default">
					<h2 class="elementor-heading-title elementor-size-default">DIRECTION</h2>				</div>
				<div class="elementor-element elementor-element-3792366 elementor-widget elementor-widget-text-editor" data-id="3792366" data-element_type="widget" data-e-type="widget" data-widget_type="text-editor.default">
									<p>Matilde de Mello<br>Maria do Mar Gago<br>Luísa Gago</p>								</div>
					</div>
		</div>
				<div class="elementor-column elementor-col-50 elementor-inner-column elementor-element elementor-element-53284d6" data-id="53284d6" data-element_type="column" data-e-type="column">
			<div class="elementor-widget-wrap elementor-element-populated">
						<div class="elementor-element elementor-element-45a4484 elementor-widget elementor-widget-heading" data-id="45a4484" data-element_type="widget" data-e-type="widget" data-widget_type="heading.default">
					<h2 class="elementor-heading-title elementor-size-default">TEAM</h2>				</div>
				<div class="elementor-element elementor-element-a2e2016 elementor-widget elementor-widget-text-editor" data-id="a2e2016" data-element_type="widget" data-e-type="widget" data-widget_type="text-editor.default">
									<p>João Macdonald (communicação)<br>Joana Tordo (design gráfico)<br><a href="https://duarteneto.com/" target="_blank" rel="noopener">Duarte Mascarenhas Neto (web design)</a><br>Catarina Botelho (fotografia)<br>Fabrice Ziegler (fotografia)<br>Manuel José Cavaco (gestão do jardim)<br>Margarida Ferreira (gestão da casa)<br>Joel Moedas-Miguel (museografia)<br>Rosário Beija e Pedro Botelho (arquitectura)<br>José Maria Pacheco de Amorim (assessoria financeira)<br><a href="https://esca-la.pt/" target="_blank" rel="noopener">Arquitecto Paisagista Miguel Coelho de Sousa</a></p>								</div>
					</div>
		</div>
					</div>
		</section>
				<section class="elementor-section elementor-inner-section elementor-element elementor-element-3900a63 elementor-section-boxed elementor-section-height-default elementor-section-height-default qodef-elementor-content-no" data-id="3900a63" data-element_type="section" data-e-type="section">
						<div class="elementor-container elementor-column-gap-extended">
					<div class="elementor-column elementor-col-50 elementor-inner-column elementor-element elementor-element-850c667" data-id="850c667" data-element_type="column" data-e-type="column">
			<div class="elementor-widget-wrap elementor-element-populated">
						<div class="elementor-element elementor-element-963fe25 elementor-widget elementor-widget-heading" data-id="963fe25" data-element_type="widget" data-e-type="widget" data-widget_type="heading.default">
					<h2 class="elementor-heading-title elementor-size-default">PARTNERSHIPS<br></h2>				</div>
				<div class="elementor-element elementor-element-db62287 elementor-widget elementor-widget-text-editor" data-id="db62287" data-element_type="widget" data-e-type="widget" data-widget_type="text-editor.default">
									<p><a href="https://www.cm-serpa.pt/" target="_blank" rel="noopener">Câmara Municipal de Serpa</a><br>
  <a href="https://www.visitserpa.pt/" target="_blank" rel="noopener">Visit Serpa</a>
  <br>
    <a href="https://patrimonium.pt/" target="_blank" rel="noopener">Patrimonium &#8211; Gestão e Promoção de Bens Culturais</a>
    <br>
      <a href="https://portugalfilmcommission.com/">Portugal Film Comission</a>
      <br>
        <a href="https://www.ap-casas-antigas.pt/">Associação das Casas Antigas </a>
        <br>
          <a href="http://www.baal17.pt">Baal 17</a>
        
      
    
  
</p>								</div>
					</div>
		</div>
				<div class="elementor-column elementor-col-50 elementor-inner-column elementor-element elementor-element-eb7c1b3" data-id="eb7c1b3" data-element_type="column" data-e-type="column">
			<div class="elementor-widget-wrap">
							</div>
		</div>
					</div>
		</section>
					</div>
		</div>
					</div>
		</section>
				</div>

<p>OUR TEAM DIRECTION Matilde de MelloMaria do Mar GagoLuísa Gago TEAM João Macdonald (communicação)Joana Tordo (design gráfico)Duarte Mascarenhas Neto (web design)Catarina Botelho (fotografia)Fabrice Ziegler (fotografia)Manuel José Cavaco (gestão do jardim)Margarida Ferreira (gestão da casa)Joel Moedas-Miguel (museografia)Rosário Beija e Pedro Botelho (arquitectura)José Maria Pacheco de Amorim (assessoria financeira)Arquitecto Paisagista Miguel Coelho de Sousa PARTNERSHIPS Câmara Municipal [&hellip;]</p>
