{"id":19103,"date":"2022-03-03T10:11:36","date_gmt":"2022-03-03T10:11:36","guid":{"rendered":"https:\/\/www.palacioficalho.pt\/project\/the-house-our-perspective\/"},"modified":"2025-10-09T09:46:10","modified_gmt":"2025-10-09T09:46:10","slug":"the-house-our-perspective","status":"publish","type":"page","link":"https:\/\/www.palacioficalho.pt\/en\/project\/the-house-our-perspective\/","title":{"rendered":"THE HOUSE: OUR PERSPECTIVE<br>"},"content":{"rendered":"\t\t<div data-elementor-type=\"wp-page\" data-elementor-id=\"19103\" class=\"elementor elementor-19103 elementor-11734\">\n\t\t\t\t\t\t<section class=\"elementor-section elementor-top-section elementor-element elementor-element-976fba2 qodef-elementor-content-grid elementor-section-boxed elementor-section-height-default elementor-section-height-default\" data-id=\"976fba2\" data-element_type=\"section\" data-e-type=\"section\">\n\t\t\t\t\t\t<div class=\"elementor-container elementor-column-gap-no\">\n\t\t\t\t\t<div class=\"elementor-column elementor-col-100 elementor-top-column elementor-element elementor-element-54933fb\" data-id=\"54933fb\" data-element_type=\"column\" data-e-type=\"column\">\n\t\t\t<div class=\"elementor-widget-wrap elementor-element-populated\">\n\t\t\t\t\t\t<div class=\"elementor-element elementor-element-54d0fb5 elementor-widget elementor-widget-image\" data-id=\"54d0fb5\" data-element_type=\"widget\" data-e-type=\"widget\" data-widget_type=\"image.default\">\n\t\t\t\t\t\t\t\t\t\t\t\t\t\t\t<img fetchpriority=\"high\" decoding=\"async\" width=\"1024\" height=\"587\" src=\"https:\/\/www.palacioficalho.pt\/wp-content\/uploads\/2025\/10\/header-a-casa-vista-por-nos.jpg\" class=\"attachment-large size-large wp-image-20714\" alt=\"\" srcset=\"https:\/\/www.palacioficalho.pt\/wp-content\/uploads\/2025\/10\/header-a-casa-vista-por-nos.jpg 1024w, https:\/\/www.palacioficalho.pt\/wp-content\/uploads\/2025\/10\/header-a-casa-vista-por-nos-300x172.jpg 300w, https:\/\/www.palacioficalho.pt\/wp-content\/uploads\/2025\/10\/header-a-casa-vista-por-nos-768x440.jpg 768w, https:\/\/www.palacioficalho.pt\/wp-content\/uploads\/2025\/10\/header-a-casa-vista-por-nos-600x344.jpg 600w\" sizes=\"(max-width: 1024px) 100vw, 1024px\" \/>\t\t\t\t\t\t\t\t\t\t\t\t\t\t\t<\/div>\n\t\t\t\t<div class=\"elementor-element elementor-element-7e8664f elementor-widget elementor-widget-heading\" data-id=\"7e8664f\" data-element_type=\"widget\" data-e-type=\"widget\" data-widget_type=\"heading.default\">\n\t\t\t\t\t<p class=\"elementor-heading-title elementor-size-default\">From left to right: Matilde, Lu\u00edsa, and Maria do Mar (Pal\u00e1cio Ficalho, spring\n1983). Photograph by Maria Jos\u00e9 Gago <\/p>\t\t\t\t<\/div>\n\t\t\t\t<section class=\"elementor-section elementor-inner-section elementor-element elementor-element-67b9074 elementor-section-full_width elementor-section-height-default elementor-section-height-default qodef-elementor-content-no\" data-id=\"67b9074\" data-element_type=\"section\" data-e-type=\"section\">\n\t\t\t\t\t\t<div class=\"elementor-container elementor-column-gap-default\">\n\t\t\t\t\t<div class=\"elementor-column elementor-col-50 elementor-inner-column elementor-element elementor-element-b5c6ab7\" data-id=\"b5c6ab7\" data-element_type=\"column\" data-e-type=\"column\">\n\t\t\t<div class=\"elementor-widget-wrap elementor-element-populated\">\n\t\t\t\t\t\t<div class=\"elementor-element elementor-element-2ca3946 elementor-widget elementor-widget-heading\" data-id=\"2ca3946\" data-element_type=\"widget\" data-e-type=\"widget\" data-widget_type=\"heading.default\">\n\t\t\t\t\t<h1 class=\"elementor-heading-title elementor-size-default\">THE HOUSE: OUR PERSPECTIVE<br><\/h1>\t\t\t\t<\/div>\n\t\t\t\t<div class=\"elementor-element elementor-element-1cf2d4b elementor-widget elementor-widget-text-editor\" data-id=\"1cf2d4b\" data-element_type=\"widget\" data-e-type=\"widget\" data-widget_type=\"text-editor.default\">\n\t\t\t\t\t\t\t\t\t<h2>Pal\u00e1cio Ficalho is not a static place. It is an open house to interact with the past, the future, and reflect on all of us.<br> <\/h2>\t\t\t\t\t\t\t\t<\/div>\n\t\t\t\t\t<\/div>\n\t\t<\/div>\n\t\t\t\t<div class=\"elementor-column elementor-col-50 elementor-inner-column elementor-element elementor-element-8588cea\" data-id=\"8588cea\" data-element_type=\"column\" data-e-type=\"column\">\n\t\t\t<div class=\"elementor-widget-wrap elementor-element-populated\">\n\t\t\t\t\t\t<div class=\"elementor-element elementor-element-e1c4dec elementor-widget elementor-widget-text-editor\" data-id=\"e1c4dec\" data-element_type=\"widget\" data-e-type=\"widget\" data-widget_type=\"text-editor.default\">\n\t\t\t\t\t\t\t\t\t<p>We inherited a house that bears witness to a larger history, one that goes beyond us. At the same time, this is the house where our family story has unfolded, where we grew up, where we heard stories from our parents and grandparents, and learned from them. <\/p><p>Our aim is to create new memories of this place by sharing with you not only its history and beauty, but also the perspective of those who see it as a home (with all that this perspective entails). Achieving this with openness of spirit and imagination, while respecting the age-old balance of things and, at the same time, ensuring the preservation of the building, is our challenge. <\/p><p>Three women \u2014 a mother and two daughters \u2014 with not always identical approaches, have learned to work together, through negotiation and building consensus.\nThis journey has been a wonderful adventure, and we believe we can continue it, now in dialogue with other institutions and grounded in a broad, long-term programme. <\/p><p>The start of guided tours in the spring of 2021 was the first step in opening the house to the public. This was followed by the reconfiguration of spaces to host events, productions, and cultural initiatives. Finally, we also launched an architectural project that considers the house and garden as a whole, including future accommodation facilities and artistic\/scientific residencies.  <\/p><p>For us, this is not a static place. It is a house that exists to interact with the past, the future, and to reflect on all of us. <\/p><p>Matilde, Luisa e Maria<\/p>\t\t\t\t\t\t\t\t<\/div>\n\t\t\t\t\t<\/div>\n\t\t<\/div>\n\t\t\t\t\t<\/div>\n\t\t<\/section>\n\t\t\t\t\t<\/div>\n\t\t<\/div>\n\t\t\t\t\t<\/div>\n\t\t<\/section>\n\t\t\t\t<\/div>\n\t\t","protected":false},"excerpt":{"rendered":"<p>From left to right: Matilde, Lu\u00edsa, and Maria do Mar (Pal\u00e1cio Ficalho, spring 1983). Photograph by Maria Jos\u00e9 Gago THE HOUSE: OUR PERSPECTIVE Pal\u00e1cio Ficalho is not a static place. It is an open house to interact with the past, the future, and reflect on all of us. We inherited a house that bears witness [&hellip;]<\/p>\n","protected":false},"author":1,"featured_media":0,"parent":19086,"menu_order":0,"comment_status":"closed","ping_status":"closed","template":"page-full-width.php","meta":{"footnotes":""},"class_list":["post-19103","page","type-page","status-publish","hentry"],"_links":{"self":[{"href":"https:\/\/www.palacioficalho.pt\/en\/wp-json\/wp\/v2\/pages\/19103","targetHints":{"allow":["GET"]}}],"collection":[{"href":"https:\/\/www.palacioficalho.pt\/en\/wp-json\/wp\/v2\/pages"}],"about":[{"href":"https:\/\/www.palacioficalho.pt\/en\/wp-json\/wp\/v2\/types\/page"}],"author":[{"embeddable":true,"href":"https:\/\/www.palacioficalho.pt\/en\/wp-json\/wp\/v2\/users\/1"}],"replies":[{"embeddable":true,"href":"https:\/\/www.palacioficalho.pt\/en\/wp-json\/wp\/v2\/comments?post=19103"}],"version-history":[{"count":0,"href":"https:\/\/www.palacioficalho.pt\/en\/wp-json\/wp\/v2\/pages\/19103\/revisions"}],"up":[{"embeddable":true,"href":"https:\/\/www.palacioficalho.pt\/en\/wp-json\/wp\/v2\/pages\/19086"}],"wp:attachment":[{"href":"https:\/\/www.palacioficalho.pt\/en\/wp-json\/wp\/v2\/media?parent=19103"}],"curies":[{"name":"wp","href":"https:\/\/api.w.org\/{rel}","templated":true}]}}

<div data-elementor-type="wp-page" data-elementor-id="19103" class="elementor elementor-19103 elementor-11734">
						<section class="elementor-section elementor-top-section elementor-element elementor-element-976fba2 qodef-elementor-content-grid elementor-section-boxed elementor-section-height-default elementor-section-height-default" data-id="976fba2" data-element_type="section" data-e-type="section">
						<div class="elementor-container elementor-column-gap-no">
					<div class="elementor-column elementor-col-100 elementor-top-column elementor-element elementor-element-54933fb" data-id="54933fb" data-element_type="column" data-e-type="column">
			<div class="elementor-widget-wrap elementor-element-populated">
						<div class="elementor-element elementor-element-54d0fb5 elementor-widget elementor-widget-image" data-id="54d0fb5" data-element_type="widget" data-e-type="widget" data-widget_type="image.default">
															<img fetchpriority="high" decoding="async" width="1024" height="587" src="https://www.palacioficalho.pt/wp-content/uploads/2025/10/header-a-casa-vista-por-nos.jpg" class="attachment-large size-large wp-image-20714" alt="" srcset="https://www.palacioficalho.pt/wp-content/uploads/2025/10/header-a-casa-vista-por-nos.jpg 1024w, https://www.palacioficalho.pt/wp-content/uploads/2025/10/header-a-casa-vista-por-nos-300x172.jpg 300w, https://www.palacioficalho.pt/wp-content/uploads/2025/10/header-a-casa-vista-por-nos-768x440.jpg 768w, https://www.palacioficalho.pt/wp-content/uploads/2025/10/header-a-casa-vista-por-nos-600x344.jpg 600w" sizes="(max-width: 1024px) 100vw, 1024px" />															</div>
				<div class="elementor-element elementor-element-7e8664f elementor-widget elementor-widget-heading" data-id="7e8664f" data-element_type="widget" data-e-type="widget" data-widget_type="heading.default">
					<p class="elementor-heading-title elementor-size-default">From left to right: Matilde, Luísa, and Maria do Mar (Palácio Ficalho, spring
1983). Photograph by Maria José Gago </p>				</div>
				<section class="elementor-section elementor-inner-section elementor-element elementor-element-67b9074 elementor-section-full_width elementor-section-height-default elementor-section-height-default qodef-elementor-content-no" data-id="67b9074" data-element_type="section" data-e-type="section">
						<div class="elementor-container elementor-column-gap-default">
					<div class="elementor-column elementor-col-50 elementor-inner-column elementor-element elementor-element-b5c6ab7" data-id="b5c6ab7" data-element_type="column" data-e-type="column">
			<div class="elementor-widget-wrap elementor-element-populated">
						<div class="elementor-element elementor-element-2ca3946 elementor-widget elementor-widget-heading" data-id="2ca3946" data-element_type="widget" data-e-type="widget" data-widget_type="heading.default">
					<h1 class="elementor-heading-title elementor-size-default">THE HOUSE: OUR PERSPECTIVE<br></h1>				</div>
				<div class="elementor-element elementor-element-1cf2d4b elementor-widget elementor-widget-text-editor" data-id="1cf2d4b" data-element_type="widget" data-e-type="widget" data-widget_type="text-editor.default">
									<h2>Palácio Ficalho is not a static place. It is an open house to interact with the past, the future, and reflect on all of us.<br> </h2>								</div>
					</div>
		</div>
				<div class="elementor-column elementor-col-50 elementor-inner-column elementor-element elementor-element-8588cea" data-id="8588cea" data-element_type="column" data-e-type="column">
			<div class="elementor-widget-wrap elementor-element-populated">
						<div class="elementor-element elementor-element-e1c4dec elementor-widget elementor-widget-text-editor" data-id="e1c4dec" data-element_type="widget" data-e-type="widget" data-widget_type="text-editor.default">
									<p>We inherited a house that bears witness to a larger history, one that goes beyond us. At the same time, this is the house where our family story has unfolded, where we grew up, where we heard stories from our parents and grandparents, and learned from them. </p><p>Our aim is to create new memories of this place by sharing with you not only its history and beauty, but also the perspective of those who see it as a home (with all that this perspective entails). Achieving this with openness of spirit and imagination, while respecting the age-old balance of things and, at the same time, ensuring the preservation of the building, is our challenge. </p><p>Three women — a mother and two daughters — with not always identical approaches, have learned to work together, through negotiation and building consensus.
This journey has been a wonderful adventure, and we believe we can continue it, now in dialogue with other institutions and grounded in a broad, long-term programme. </p><p>The start of guided tours in the spring of 2021 was the first step in opening the house to the public. This was followed by the reconfiguration of spaces to host events, productions, and cultural initiatives. Finally, we also launched an architectural project that considers the house and garden as a whole, including future accommodation facilities and artistic/scientific residencies.  </p><p>For us, this is not a static place. It is a house that exists to interact with the past, the future, and to reflect on all of us. </p><p>Matilde, Luisa e Maria</p>								</div>
					</div>
		</div>
					</div>
		</section>
					</div>
		</div>
					</div>
		</section>
				</div>

<p>From left to right: Matilde, Luísa, and Maria do Mar (Palácio Ficalho, spring 1983). Photograph by Maria José Gago THE HOUSE: OUR PERSPECTIVE Palácio Ficalho is not a static place. It is an open house to interact with the past, the future, and reflect on all of us. We inherited a house that bears witness [&hellip;]</p>
